 21. Determine h(3).
3
Let i(h) = -6*h**2 - 1067*h - 4233. Calculate i(-4).
-61
Let m(s) = 3*s**2 + 4*s - 4. Determine m(-5).
51
Let q(h) = -158*h + 618. Determine q(4).
-14
Let l(g) = -103*g - 544. Calculate l(-4).
-132
Let a(b) = -b**3 - 32*b**2 - 247*b - 24. Give a(-14).
-94
Let q(j) = -60*j + 4. What is q(5)?
-296
Let g(s) = -s**2 - 20*s - 240. What is g(-24)?
-336
Let p(g) = g**2 - 28*g + 122. Give p(22).
-10
Let d(t) = t**2 + 12*t - 66. Calculate d(-15).
-21
Let x(m) = -7*m**2 - 19*m - 17. Determine x(-5).
-97
Let l(p) = p**2 + 99*p - 2169. Determine l(20).
211
Let z(p) = -p**3 - 34*p**2 - 60*p + 58. What is z(-32)?
-70
Let m(c) = -7*c**2 + 310*c - 1610. Calculate m(6).
-2
Let i(a) = -a**3 - 48*a**2 - 566*a + 234. Determine i(-25).
9
Let a(i) = -i**3 - 30*i**2 - 109*i - 116. Calculate a(-26).
14
Let j(y) = 60*y + 6777. Determine j(-114).
-63
Let b(y) = 5*y**2 + 92*y + 892. What is b(-12)?
508
Let t(a) = a**2 - 54*a - 58. Calculate t(-15).
977
Let u(f) = 2*f**3 + 109*f**2 + 41*f - 651. Give u(-54).
51
Let f(d) = -d**3 + 54*d**2 - 694*d + 40. Determine f(33).
7
Let l(z) = z**3 + 4*z**2 - 276*z - 128. What is l(15)?
7
Let o(b) = -2*b**2 + 16*b + 73. Calculate o(-6).
-95
Let q(b) = -186*b - 5947. Determine q(-32).
5
Let t(s) = -12*s**2 + 405*s + 2327. Give t(-5).
2
Let y(a) = -2*a**2 + 53*a - 54. What is y(20)?
206
Let x(k) = -16*k - 110. Determine x(-13).
98
Let q(x) = -3*x + 124. Give q(49).
-23
Let g(u) = -100*u + 820. Determine g(9).
-80
Let g(o) = 9*o**2 - 3098*o - 2405. Give g(345).
10
Let k(y) = 271*y + 4838. Give k(-18).
-40
Let u(t) = t**2 + 47*t + 310. Determine u(-33).
-152
Let d(t) = t**3 + 79*t**2 + 361*t - 661. What is d(-74)?
5
Let i(l) = l**2 + 116*l + 1423. Determine i(-14).
-5
Let x(d) = -d**3 + 35*d**2 + 3*d - 9. Calculate x(0).
-9
Let q(d) = -183*d - 4388. Calculate q(-24).
4
Let t(b) = 3*b**3 - 378*b**2 - 364*b - 2165. Determine t(127).
-6
Let u(n) = -n**2 - 83*n + 174. What is u(2)?
4
Let j(m) = -5*m**3 - 284*m**2 - 223*m + 51. Determine j(-56).
-5
Let x(a) = -a**2 - 18*a + 19. Determine x(1).
0
Let x(v) = -v**2 - 120*v + 1200. Give x(9).
39
Let s(q) = -782*q + 17195. What is s(22)?
-9
Let n(g) = g**2 - 286*g + 12173. What is n(52)?
5
Let i(s) = 327*s + 1778. What is i(-5)?
143
Let x(h) = 16*h**3 - 532*h**2 + 138*h - 116. Determine x(33).
82
Let p(d) = -d**2 - 525*d - 54129. Give p(-141).
15
Let x(c) = -63*c + 3277. Calculate x(52).
1
Let o(f) = -f**2 - 27*f + 560. What is o(14)?
-14
Let u(o) = -3*o**2 + 13*o - 48. Calculate u(-9).
-408
Let f(l) = -l**3 - 8*l**2 - 3*l - 2. Determine f(-7).
-30
Let d(o) = 481*o + 962. Calculate d(-2).
0
Let i(y) = -y**3 - 8*y**2 - 35*y - 245. Determine i(-10).
305
Let r(m) = -m**3 - 41*m**2 - 21*m + 773. Give r(-40).
13
Let u(c) = c**2 - 302*c - 3176. Give u(-10).
-56
Let p(h) = 762*h - 158485. Give p(208).
11
Let m(a) = -a**3 - 52*a**2 - 666*a + 228. What is m(-25)?
3
Let c(p) = -25*p - 22. Calculate c(1).
-47
Let f(s) = -s**3 + 19*s**2 + 25*s - 123. Determine f(20).
-23
Let d(s) = 8035*s + 32191. Give d(-4).
51
Let q(g) = -981*g - 988. What is q(-1)?
-7
Let m(y) = -18*y**3 - 79*y**2 - 76*y + 1. What is m(-1)?
16
Let v(c) = -c**3 + 31*c**2 - 26*c + 11. Calculate v(30).
131
Let h(r) = -r**2 - 140*r + 574. What is h(-144)?
-2
Let z(n) = 29*n + 2228. Give z(-76).
24
Let v(j) = -21*j**2 + 837*j + 94. Calculate v(40).
-26
Let n(g) = -g**3 - 12*g**2 + 3*g + 159. Determine n(-11).
5
Let q(z) = 306*z**3 + 4*z**2 + 4*z. Determine q(-1).
-306
Let c(x) = -32*x - 209. Give c(-11).
143
Let u(c) = 13*c**2 - 120*c + 65. Determine u(14).
933
Let s(f) = -3*f**3 + 11*f**2 + 26*f - 77. Determine s(4).
11
Let k(x) = 296*x - 371. Calculate k(1).
-75
Let c(x) = -x**3 - 76*x**2 - 179*x + 2901. What is c(-73)?
-19
Let u(s) = s**2 - 215*s - 1532. Give u(-7).
22
Let o(h) = 1984*h + 1991. Determine o(-1).
7
Let n(x) = -3*x**2 + 159*x + 596. Determine n(-4).
-88
Let z(r) = -61*r + 2680. Give z(44).
-4
Let z(v) = -v**3 - 14*v**2 + 2*v - 82. Give z(0).
-82
Let k(m) = m**3 - 365*m**2 + 397*m - 12010. Determine k(364).
2
Let y(r) = -r**2 - 47*r + 515. Determine y(-57).
-55
Let o(c) = -29*c**2 - 72*c + 42. Calculate o(-3).
-3
Let g(v) = 7*v**2 + 222*v - 284. Give g(-33).
13
Let l(p) = -1988*p - 23839. What is l(-12)?
17
Let m(p) = -214*p - 1075. Calculate m(-5).
-5
Let k(t) = 6*t**2 - 16*t + 34. Determine k(2).
26
Let o(s) = 2*s**3 + 10*s**2 - 138*s - 757. What is o(-6)?
-1
Let x(f) = 415*f + 2489. Calculate x(-6).
-1
Let o(m) = -2*m**2 - 26*m - 130. Give o(-7).
-46
Let z(i) = 270*i - 1063. Calculate z(4).
17
Let o(w) = w**3 + 19*w**2 - 119*w + 49. What is o(-24)?
25
Let r(j) = 22*j - 98. What is r(5)?
12
Let g(v) = -182*v - 1280. Give g(-7).
-6
Let u(m) = -25*m - 563. Determine u(-22).
-13
Let f(c) = c**3 - 29*c**2 - 71*c + 797. Determine f(31).
518
Let m(t) = t**2 - t - 368. Determine m(-19).
12
Let j(q) = -963*q - 38527. What is j(-40)?
-7
Let q(p) = -25*p**3 + p**2 - 2. What is q(1)?
-26
Let z(p) = p**3 - 93*p**2 - 494*p + 372. Determine z(98).
-20
Let m(j) = 4*j**2 + 78*j - 8. Determine m(0).
-8
Let g(u) = 38*u**2 - 1197*u - 606. What is g(32)?
2
Let i(u) = u**3 + 28*u**2 + 39*u + 1173. Calculate i(-28).
81
Let f(l) = -189*l - 2339. Give f(-11).
-260
Let v(d) = 40*d**2 + 53*d + 29. Determine v(-1).
16
Let q(h) = -33*h**2 + 12*h + 4. Calculate q(2).
-104
Let y(q) = 16*q - 424. What is y(26)?
-8
Let n(z) = z**3 - 13*z**2 - 14*z - 12. Calculate n(14).
-12
Let x(m) = -m**3 - 7*m**2 - 18*m - 81. Determine x(-6).
-9
Let z(f) = -42*f**2 + 33*f + 99. Calculate z(-3).
-378
Let t(p) = 3*p - 85. Determine t(-13).
-124
Let d(b) = b**3 + 332*b**2 - 1343*b + 332. What is d(-336)?
-4
Let u(t) = 3*t**2 + 60*t + 27. Calculate u(-18).
-81
Let t(y) = y - 62. Calculate t(-5).
-67
Let c(n) = 158*n + 498. Calculate c(-2).
182
Let b(u) = u**3 - 8*u**2 - 2152*u + 12976. Determine b(6).
-8
Let r(s) = -66*s + 1234. Give r(16).
178
Let w(i) = 35*i**2 + 6*i - 48. Determine w(5).
857
Let v(t) = 6*t**2 + 292*t + 1684. What is v(-42)?
4
Let l(h) = h**2 + 20*h - 1324. Give l(30).
176
Let j(f) = 4*f**3 + 5*f**2 - 5*f - 2. Determine j(-5).
-352
Let z(q) = 4*q**2 + 209*q + 2402. What is z(-17)?
5
Let d(k) = 2*k**3 - 11*k**2 - 56*k + 370. Determine d(6).
70
Let h(n) = -83*n - 1068. Give h(-13).
11
Let w(h) = 2*h - 78. What is w(50)?
22
Let d(b) = 32*b**2 - 31*b + 17. What is d(2)?
83
Let k(o) = 2*o**2 + 32*o + 69. What is k(-15)?
39
Let o(q) = -166*q - 19. What is o(0)?
-19
Let z(k) = 6*k**2 + 53*k + 390. Give z(-7).
313
Let x(z) = -z**3 - 9*z**2 - 12*z + 1. What is x(-7)?
-13
Let y(l) = 1619*l - 19423. Give y(12).
5
Let c(i) = i**2 + 243*i + 4439. Determine c(-20).
-21
Let d(n) = n**2 + 43*n + 282. Determine d(-8).
2
Let l(c) = 57*c + 20. Give l(0).
20
Let j(q) = -q**3 + q**2 + 12*q - 95. Determine j(0).
-95
Let w(o) = -o**3 + 8*o**2 - 6*o + 142. Give w(9).
7
Let h(a) = a**3 - 39*a**2 - 37*a + 54. Calculate h(40).
174
Let m(o) = -3*o**3 + 115*o**2 + 75*o - 6. Give m(39).
-123
Let y(g) = -g**3 + 61*g**2 + 160*g - 2147. Give y(63).
-5
Let t(w) = 258*w + 12130. Determine t(-47).
4
Let b(m) = -2*m**3 - 70*m**2 + 6*m + 192. Give b(-35).
-18
Let z(k) = k**3 - 175*k**2 + 848*k + 337. Determine z(170).
-3
Let k(i) = i**2 - 93*i - 2420. Give k(114).
-26
Let i(m) = -25*m + 177. Give i(10).
-73
Let g(b) = -449*b - 2266. Calculate g(-5).
-21
Let s(d) = d**3 - 86*d**2 - 752*d + 2. What is s(-8)?
2
Let x(p) = 73*p**2 - 2773*p + 10. Determine x(38).
48
Let u(f) = f**2 - 25*f + 133. Determine u(9).
-11
Let o(v) = 3*v**2 + 2*v - 92. Give o(6).
28
Let k(p) = 31*p - 1863. What is k(61)?
28
Let j(z) = 276*z + 2126. Calculate j(-9).
-358
Let s(p) = -107*p - 2480. Calculate s(-23).
-19
Let p(c) = -c**3 + 9*c**2 - 30*c + 127. Determine p(6).
55
Let y(j) = 3080*j - 132433. Determine y(43).
7
Let m(z) = z**2 + 16*z - 4. Determine m(8).
188
Let f(g) = 16*g + 1576. What is f(-55)?
696
Let s(z) = z**2 + 79*z - 25834. Determine s(126).
-4
Let p(z) = -244*z + 10488. Calculate p(43).
-4
Let n(u) = -u**2 + 42*u - 75. Determine n(2).
5
Let d(s) = -770*s + 3038. Give d(4).
-42
Let p(v) = -v**2 + 31*v + 112. Calculate p(-4).
-28
Let w(i) = -5445*i + 21767. Give w(4).
-13
Let d(m) = -9*m + 583. Calculate d(65).
-2
Let q(n) = -2*n**3 - 203*n**2 - 110*n - 921. Determine q(-101).
-